- 16. Let i be 5/(-10)*3/(6/g). Suppose i*p - 29 = -2*n - 7, n - 5*p = 5. What is the units digit of n?
0
Suppose -4*y = -5*k + 2725 + 847, -2*y - 3*k - 1764 = 0. Let z = -487 - y. What is the units digit of z?
1
Let t(p) = -p**3 + 3*p**2 + 6*p - 4. Let v be t(4). Suppose -4*u = v*f + 228, 13 + 41 = -u + 2*f. Let r = -17 - u. What is the units digit of r?
9
Suppose 6441 = 5*k - 28*f + 29*f, 5*f + 2571 = 2*k. Suppose 3 + 5 = 2*v, 3*r - k = -v. What is the units digit of r?
8
Let k(l) be the first derivative of l**4/4 + 23*l**3/3 - 11*l**2 - 120*l + 61. What is the units digit of k(-10)?
0
Let n(i) = i**3 + i**2 + 5*i + 5. Let u be n(-2). Let l(z) = z**2 + 12*z + 31. Let o be l(u). Suppose o*v - 248 = -0*v. What is the tens digit of v?
6
Let p(k) = 192*k**3 + 6*k**2 - 28*k - 44. What is the ten thousands digit of p(4)?
1
Suppose -2 = k + 3. Let s(t) = 2*t**3 - 2*t**2 + 5. Let i(n) = -3*n**3 + 3*n**2 - n - 6. Let w(o) = 3*i(o) + 4*s(o). What is the tens digit of w(k)?
6
Suppose 2*q - 12784 = -22*j + 21*j, -2*q - 2*j + 12782 = 0. What is the thousands digit of q?
6
Suppose -t - 2*a - 2 = a, -5*a = 4*t - 6. Suppose 3*v = c - 1038, 1632 = 5*c - t*v - 3503. What is the units digit of c?
3
Let u(t) = 76*t**2 + 69*t + 798. What is the hundreds digit of u(-11)?
2
Let s be (60/24)/(5/2) - -1. Suppose -3*j + 2284 = -s*f, -2*j + 1760 = -3*f + 239. What is the hundreds digit of j?
7
Let d(n) = -2*n + 4. Let h be (-6)/(-15) + 6/(-15). Let j be d(h). Suppose -2*b + 15 + 216 = -5*v, -20 = -j*v. What is the tens digit of b?
2
Suppose -v - 35570 = -4*t, -2297 = -t - 3*v + 6589. Suppose 13*q = q + t. What is the tens digit of q?
4
Suppose 13*k - 9866 = -3249. Let x = -420 + k. What is the tens digit of x?
8
Let s be (173/(-4))/(15/60). Let r = s - -555. What is the units digit of r?
2
Let n = 96 + -97. Let i = n + 13. Suppose -2*l - 8*y = -7*y - 409, 4*y - i = 0. What is the tens digit of l?
0
Suppose -6*b = 980 - 278. Let a be 18*13/(b/30). Let d = 102 + a. What is the tens digit of d?
4
Suppose -44*h - 1370 = -49*h. Suppose 3*j - h - 65 = -5*k, 4*k = 4*j - 484. What is the units digit of j?
8
Suppose r + 4*y = 6760, 776*y = -4*r + 779*y + 27002. What is the tens digit of r?
5
Suppose 3570884 = 131*a + 125*a + 33*a. What is the hundreds digit of a?
3
Let d = -30120 - -84092. What is the tens digit of d?
7
Let a(k) = 9*k**2 + 15*k + 29. Let r be a(-13). Let f be r - ((-27)/(-63))/((-1)/(-7)). Suppose f = -5*m + 13*m. What is the tens digit of m?
6
Let a(m) = m**2 - 11*m + 15. Suppose 2*y = -x + 5*x - 40, -5*x - y + 43 = 0. Let d be a(x). What is the tens digit of (-33)/9*(3*d + 0)?
3
Let g(h) = -7*h + 12. Suppose -5*a = -200 + 35. Let j = -39 + a. What is the tens digit of g(j)?
5
Let p = 34 + -33. Suppose -b + p = 0, 391 - 1253 = -5*i - 2*b. What is the tens digit of i/6*(-51)/(-34)?
4
Let v be (-3)/((-18)/12246) + 6/(-3). Let h = v + -864. What is the thousands digit of h?
1
Let a be (-1 - -4) + 1 - 13. Let q(o) = 2*o**3 + 18*o**2 + o + 5. Let w be q(a). Let l(z) = 3*z**2 - 3*z - 1. What is the tens digit of l(w)?
5
Suppose -96136 = -3*f - 2*q + 6*q, 4*f - 128177 = q. What is the units digit of f?
4
Let b be (-7)/(21/(-6))*5. Let z be 3/((-15)/2) - (-2704)/b. Let p = 425 - z. What is the units digit of p?
5
What is the thousands digit of 2 - 3 - 728/(-84)*2811?
4
Let c = 15 - -178. Suppose 226 = p - c. What is the hundreds digit of p?
4
Let h be 1/3*(107 - 5). Suppose -5*s - 48 = -7*s. Let l = h - s. What is the tens digit of l?
1
Suppose -5*g + 0*g + 5*p + 2260 = 0, -5*g = 3*p - 2252. Let t = 784 - g. Let c = t + -201. What is the units digit of c?
2
Suppose 2*l - 4*l = 126. Let f = l - -206. Suppose 4*z + 2*u = 192, 3*z + u = -u + f. What is the units digit of z?
9
Let s(l) = l**3 + 8*l**2 + 5*l - 12. Let r be s(-7). Suppose 5*z = 3*q + 16, -z = -q - 0*z - r. Suppose -33 = -q*v + 45. What is the tens digit of v?
2
Let j = 128742 + -82573. What is the ten thousands digit of j?
4
Suppose -78*t + 725066 = -51658. What is the units digit of t?
8
Suppose 1519 = d - 4*y + 9*y, 0 = -3*d + 4*y + 4557. What is the hundreds digit of d?
5
Suppose s = -q + 2, -s + 14 = 3*q - 2*s. Suppose q*p - 120 = 96. Suppose -3*n + 4*b = -111, 2*n - 2*b = -6*b + p. What is the tens digit of n?
3
Let k = -24 + 27. Suppose -3*d = -q - 399, 3*d = -2*d + k*q + 669. Suppose -2*l = 10, -d + 23 = -j + 4*l. What is the units digit of j?
9
Let u(f) = 12*f - 10. Let a(c) = c - 1. Let d(r) = -18*a(r) + 2*u(r). What is the tens digit of d(22)?
3
Suppose 0 = 2*m + 71 - 101. What is the hundreds digit of (m - -403) + 12/(-2)?
4
Suppose t - 47571 = -3*p, 19092 = 3*p + 2*t - 28473. What is the thousands digit of p?
5
Suppose -r + 2 = 4*g, -2*g + 4 - 10 = 0. Suppose -r*s + 12 = -20*s. What is the hundreds digit of (-8)/12 + s + (-1412)/(-12)?
1
Let t(p) = -p**3 + 14*p**2 + 10*p - 10. Let g = -24 - -24. Suppose 3*s = -3*k + 36, 4*s - 3*k - 62 = -g*s. What is the units digit of t(s)?
0
Let g(d) = -3 - 13785*d**2 + 13785*d**2 - 11*d**3 - 2*d. Let w be (-1 + -4)*(-4)/(-10). What is the units digit of g(w)?
9
Suppose 3*j = 6*j - 303. Suppose -j = a + 80. Let d = -97 - a. What is the tens digit of d?
8
Let j be (-963)/(((-5)/(-30))/((-4)/6)). Let l = -2737 + j. What is the units digit of l?
5
What is the tens digit of (1 + (-6)/4 - 982)*5368/(-122)?
3
Let s(r) = 706*r + 41. Let j = 390 + -389. What is the tens digit of s(j)?
4
Let n = -11945 + 22718. What is the thousands digit of 6*(-4)/(-6)*n/28?
1
Let n(k) = 3*k + 0 + 15 + 3*k**2 - 9 - k**3. Let u be n(4). What is the hundreds digit of -3*2*(-24 - (u + -1))?
1
Let v = 157947 + -91225. What is the ten thousands digit of v?
6
What is the thousands digit of ((-2009)/(-164))/((-2)/(-392) + 0)?
2
What is the ten thousands digit of (10 - 13)/(12/1678224*-12)?
3
Let p(j) = j**3 + 8*j**2 - 16*j + 34. Suppose -3*l + 18 = -33*a + 36*a, -6 = -a + 2*l. What is the tens digit of p(a)?
4
Suppose -211529 + 67002 = -3*z + a, -4*z = 3*a - 192681. What is the ten thousands digit of z?
4
Let q(w) = -6*w**2 - 9*w + 34. Let j be q(3). Let b = 313 + -197. Let i = j + b. What is the tens digit of i?
6
Suppose 11*i - 53 = 35. Suppose 4*r + 292 + i = 0. Let a = r + 336. What is the tens digit of a?
6
Suppose 4*m - 15 = -7. Let h be 3*(3 + -4) - m. What is the units digit of (-7)/h - (-10)/(-25)?
1
What is the tens digit of 2064/(-645)*22485/(-6)?
9
Let s = 618 - 693. Let o = 14 + -81. Let g = o - s. What is the units digit of g?
8
Let v(z) = z**2 + 2*z - 4. Let r be v(2). Let o be -4 + (1 - -1 - -6). Suppose -3*l + r*h = 8*h - 29, 43 = 5*l + o*h. What is the units digit of l?
7
Suppose 9*b - 4*b - 60 = 0. Suppose 31*c - 17*c - 126 = 0. Let q = b + c. What is the tens digit of q?
2
Let r(a) = 15925*a - 6759. What is the units digit of r(3)?
6
Suppose -9516 - 609 = -25*g. Suppose -5*v + g = 30. What is the units digit of v?
5
Let h = -80 + 82. Let y be 328*((-25)/(-10) - h). Let l = -86 + y. What is the tens digit of l?
7
Suppose -5*q + c = 1118, 0*c = -q - 5*c - 234. Let j = q + 391. What is the hundreds digit of j?
1
Suppose -2*y + 231948 = 4*o, -63*o - y + 57985 = -62*o. What is the tens digit of o?
8
Let a(s) = 29*s + 15. Let v be a(-14). Let b = 638 + -898. Let t = b - v. What is the tens digit of t?
3
Let m be (-325)/35 - (66/14 - 5). What is the units digit of 6*2/((-24)/m)*94?
3
Suppose -1996826 = -212*q + 387338 + 748560. What is the units digit of q?
7
Suppose -3*q + o - 7 = 0, -4*q - 3*o = -o + 6. Let k(y) = 2*y**3 + 2*y**2 + y - 7. Let v be k(q). Let n = 112 + v. What is the units digit of n?
5
Let a(o) be the third derivative of -9*o**4/4 + 29*o**3/2 - 11*o**2. What is the tens digit of a(-12)?
3
Let p(h) = h**2 + 2*h + 8. Let t be p(0). Let n be 83 + 3 - t/(-4). Suppose 5*k - n - 282 = 0. What is the tens digit of k?
7
Let m(t) = 55*t**3 + t**2 - 4. Let w be m(-2). Let b = -285 - w. What is the units digit of b?
5
Suppose 98*r - 57*r + 333*r - 6911894 = 0. What is the units digit of r?
1
Suppose -261*u - 3*n = -266*u + 45754, n + 54910 = 6*u. What is the units digit of u?
2
Suppose -4*t - 32716 = -4*j, 7*t + 40907 = 5*j - t. What is the units digit of j?
5
Let i(v) = 19*v**2 + 147*v - 7793. What is the hundreds digit of i(69)?
8
Let l be (-115)/23 + (-15)/(-3). 